 + 0/(-1). Suppose -2*b + 10 = 0, 3*r + 3*b - v + 120 = 0. List the prime factors of r.
89
Suppose w + 6*w - 259 = 0. Let a = w + -3. What are the prime factors of a?
2, 17
Let n(s) = -s**3 + s**2 - s - 55. Suppose 2*y = 4*p - 0*y - 10, 4*p + 5*y = -25. Let i be n(p). Let r = i - -87. What are the prime factors of r?
2
Suppose k = 2*k + 138. Let f = -78 - k. Let i = 10 + f. What are the prime factors of i?
2, 5, 7
Let x = -276 + 291. List the prime factors of x.
3, 5
Let d(l) = 91*l + 572. List the prime factors of d(9).
13, 107
Suppose -953 - 563 = -4*i. What are the prime factors of i?
379
Let q be (14 - 2)/4 - 3. Suppose 175 = -8*f + 3*f - 5*j, q = -4*f - 5*j - 141. Let p = 48 + f. List the prime factors of p.
2, 7
Suppose 0 = -5*m + 5, 0*w - 33 = -5*w - 3*m. Suppose -w*x + 6 = -18. Suppose -3*a + 0*y = -x*y - 215, -71 = -a + y. What are the prime factors of a?
3, 23
Suppose m = 6*m. Suppose 156 = -m*d + 4*d. List the prime factors of d.
3, 13
Let z(k) = -4*k - 26. Let b be z(-11). List the prime factors of 894/8 - b/24.
3, 37
Let l be (-3)/(-7) - 3120/(-70). Let v = l + 9. What are the prime factors of v?
2, 3
Let u = 378 + -344. List the prime factors of u.
2, 17
Let p = 4925 - 2597. What are the prime factors of p?
2, 3, 97
Let t(p) = -p - 6. Let d(n) = -n - 13. Let g(w) = -3*w - 51. Let l(f) = 15*d(f) - 4*g(f). Let y be l(7). List the prime factors of t(y).
2, 3
Suppose 5*o - 3410 = 4*m, o - 42 = 3*m + 629. What are the prime factors of o?
2, 7
Let k = 1565 + -775. List the prime factors of k.
2, 5, 79
What are the prime factors of (-7 + (-150)/(-24))/((-12)/31904)?
2, 997
Let g = 20 - 18. What are the prime factors of 27/g*(1 - -3)?
2, 3
Let v(l) = 21*l - 12. Let w be v(9). Let k = w + -123. List the prime factors of k.
2, 3
Let o = -445 - -837. List the prime factors of o.
2, 7
Let l = -729 - -1252. What are the prime factors of l?
523
List the prime factors of ((48/30)/(-4))/(2/(-15860)).
2, 13, 61
Let l = -371 + 677. List the prime factors of l.
2, 3, 17
Suppose g - 8 = 9. Let k(d) = -3*d**3 - d**2 - d - 1. Let f be k(-1). Suppose f*s - g = s. What are the prime factors of s?
17
Suppose -4*m = -14 - 14. Let a = m + -1. Suppose p = 1, -3*k - a*p + 44 = -p. What are the prime factors of k?
13
Suppose -2*k + 2209 = -2117. What are the prime factors of k?
3, 7, 103
Suppose -3*a + 2*a = -2*i + 373, -185 = -i + a. Suppose -h - 3*t + i = -t, -5*h = -3*t - 953. List the prime factors of h.
2, 5, 19
Let w(g) be the third derivative of g**4/12 + 5*g**3/6 + 11*g**2. What are the prime factors of w(11)?
3
Let w be (-8 + (1 - -2))/(-1). Suppose 0 = w*u + 33 + 117. List the prime factors of (-2)/10 - 696/u.
23
Let n be (3 + 1 + -8)/(-2). Let b(s) = 4 + 9*s - s**2 - 5*s - s**3 - n*s. What are the prime factors of b(-3)?
2
Suppose -1 - 14 = -5*d. Suppose 0 = d*i - 16 - 2. List the prime factors of (-4)/(-3) - i/(-9).
2
Let u = -13 + 17. Suppose 31 = -u*r - 105. Let x = r - -64. What are the prime factors of x?
2, 3, 5
Let l = 63 + -18. Let r be (-4)/12*(-4 + -5). Suppose r*x + 0*c - 3*c = l, x - 4*c = 18. What are the prime factors of x?
2, 7
Let p(i) = -2*i**3 + 17*i**2 + 6*i + 42. List the prime factors of p(8).
2, 7, 11
Suppose 4*a + 0 = 3*h + 8, 0 = 3*h - 5*a + 13. Suppose 3*r + 38 = -h*x + 5*x, -3*x = -3*r - 144. What are the prime factors of x?
53
Let k be (-25)/(-4 + 54/14). Let i = -95 + k. List the prime factors of i.
2, 5
Let g(u) = -u**2 + 4*u - 14. Let r be g(7). Let h = r + 94. What are the prime factors of h?
59
Let s = -679 - -2036. What are the prime factors of s?
23, 59
Suppose -11*y = 21 + 23. Let p(s) = -16*s - 25. What are the prime factors of p(y)?
3, 13
What are the prime factors of (-1)/((-2)/1036) + 0 + -2?
2, 3, 43
Let p(y) = y + 2. Let o be p(3). Suppose -3*t - o = 4. Let a(k) = -k**3 - k**2 + k - 2. What are the prime factors of a(t)?
13
Suppose -6*i - 20 + 140 = 0. Let q = -20 + i. Let n = 9 + q. List the prime factors of n.
3
Let g be 2/(3 + 14/(-4)). Let r be (4 - 0) + (-5 - g). Suppose -15 - 5 = -4*a, -3*n = -r*a - 147. List the prime factors of n.
2, 3
Let r(t) = t**3 + 16*t**2 - 14*t + 27. What are the prime factors of r(11)?
2, 5, 157
Suppose 36*j = 15*j + 5880. List the prime factors of j.
2, 5, 7
Suppose -12*k = -8*k + 8. Let m(d) = -29*d - 13. What are the prime factors of m(k)?
3, 5
Suppose 5*i + 11 + 9 = 5*j, 0 = -3*i - 12. Let s = 9 + j. Suppose -s*u = -3*u - 126. What are the prime factors of u?
3, 7
Let d(w) = 88*w - 2. Let t be d(-1). Let k = t + 126. List the prime factors of k.
2, 3
Let c = -60 - -69. Let p(v) = 9*v + 47. List the prime factors of p(c).
2
Suppose 0 = 5*r - 10, 13 - 377 = -o - 5*r. What are the prime factors of o?
2, 3, 59
What are the prime factors of 4*(-9)/6 + 156600/100?
2, 3, 5, 13
Let t = -2941 - -4563. List the prime factors of t.
2, 811
Let m be (-35 + 36)/(2/(-54)). Let y = 60 - m. List the prime factors of y.
3, 29
Suppose 0 = -5*l + 504 + 256. List the prime factors of l.
2, 19
Let x = 5560 - 3051. List the prime factors of x.
13, 193
Let n(s) = -2*s - 5. Let u be n(-6). List the prime factors of ((-1)/1)/(u/(-329)).
47
Let w = -44 + 80. Let b be 1/(-5) + w/(-20). Let x = 13 - b. What are the prime factors of x?
3, 5
Let z = 1729 - 1033. List the prime factors of z.
2, 3, 29
Let n = 2012 + 2782. List the prime factors of n.
2, 3, 17, 47
Suppose 4*b = -2*y + 7308, 15*b + 7320 = 2*y + 16*b. List the prime factors of y.
2, 1831
Let t(l) = 365*l - 25. List the prime factors of t(2).
3, 5, 47
Let p(w) = -w**2 + 1. Let i(r) = r**2 - 19*r - 19. Let f(y) = y**2 - 9*y + 10. Let q be f(8). Let t(g) = q*p(g) + i(g). What are the prime factors of t(-14)?
53
Let t(v) = -6*v + 23. Suppose -5*k = -10, o = 3*k - 20 + 2. What are the prime factors of t(o)?
5, 19
Let t(u) be the third derivative of 5*u**4/12 - u**3/3 + 2*u**2. Let i be t(2). Suppose -m = -0*m - i. What are the prime factors of m?
2, 3
Suppose -23*s + 7*s = -12256. List the prime factors of s.
2, 383
Let w = 481 - 166. What are the prime factors of w/14*2/3?
3, 5
Suppose 0 = -8*k + 810 + 2030. List the prime factors of k.
5, 71
Let a be 1/((-2510)/(-628) - 4). What are the prime factors of 12/18 + a/(-6)?
53
Suppose -10*n + 256 = -744. Suppose g - n = 7. What are the prime factors of g?
107
Suppose -2146 - 10624 = -10*v. List the prime factors of v.
1277
Let h = -2003 - -2821. List the prime factors of h.
2, 409
Suppose 0 = -5*q - 0*q + 4*k + 93, -3*q - 3*k = -72. Suppose y = 4*y - q. List the prime factors of y/(-7) - 27/(-1).
2, 13
Let d(j) = j**2 - 11*j + 18. Let z be d(10). Suppose -3*g + 239 = z. List the prime factors of g.
7, 11
Let b = -920 - -3499. What are the prime factors of b?
2579
Let y(d) = d**2 - d + 1. Let g(p) = 4*p**2 - 7*p - 12. Let w(c) = g(c) + 3*y(c). What are the prime factors of w(-4)?
11, 13
Let g(m) = -119*m + 293. List the prime factors of g(-15).
2, 1039
Let s(w) = w**2 + w. Let k(h) = -h**2 - 4*h - 4. Let i be k(-3). Let d(m) = -8*m**2 + 7*m. Let p(b) = i*d(b) + 6*s(b). What are the prime factors of p(1)?
13
Let t(w) = 3*w**2 + 7*w - 2. Let k be (25/(-10))/((-3)/(-6)). What are the prime factors of t(k)?
2, 19
Let z = -793 + 1150. What are the prime factors of z?
3, 7, 17
Suppose 20 = -f + 5*f. Suppose f*y - 530 - 910 = 0. List the prime factors of y.
2, 3
Suppose -8 + 12 = 2*j. Let r = j - 2. Suppose 4 = -2*a - r, 66 = 5*q + 2*a. What are the prime factors of q?
2, 7
Let n(i) = -i + 9. Let v be n(7). Let w be (-74)/(2/v*-2). Suppose -23 = -4*f + w. What are the prime factors of f?
3, 5
What are the prime factors of (-66)/(-54) - 1 - (-12488)/18?
2, 347
Suppose -19 - 12 = -h. Let s = 26 - h. List the prime factors of (-192)/s + (-42)/105.
2, 19
Suppose 62*m - 100 = 57*m. Suppose m*n + 273 = 23*n. What are the prime factors of n?
7, 13
Suppose 4*w - 3 = 5*h, -2*h + 2*w = w + 3. Let n(v) = 3*v**2 + 2*v - 6. List the prime factors of n(h).
3, 5
Let p(l) = -3*l**3 + 2*l**2 + l. Let w be p(-1). Suppose 1 = 2*q - 3*t - 223, -3*q - w*t + 336 = 0. List the prime factors of q.
2, 7
Let r be (-2 - (4 - -1)) + 0 + 3. What are the prime factors of ((-12)/(-7))/(-1*r/28)?
2, 3
Suppose -5*k + x + 26 = 5*x, -5*x + 20 = 0. Suppose 4 = k*a - 12. What are the prime factors of a?
2
Suppose 0 = -5*s - 5*v + 805, -2